t is the hundreds digit of 484729?
7
What is the tens digit of 161588?
8
What is the units digit of 34218052?
2
What is the hundreds digit of 363289?
2
What is the hundred thousands digit of 3186470?
1
What is the hundreds digit of 4263616?
6
What is the ten thousands digit of 295805?
9
What is the tens digit of 3124181?
8
What is the thousands digit of 279828?
9
What is the tens digit of 5168894?
9
What is the ten thousands digit of 252660?
5
What is the thousands digit of 1334372?
4
What is the units digit of 68007?
7
What is the units digit of 4134150?
0
What is the hundred thousands digit of 17487144?
4
What is the ten thousands digit of 4666976?
6
What is the tens digit of 10032?
3
What is the tens digit of 632566?
6
What is the units digit of 25686077?
7
What is the ten thousands digit of 2977966?
7
What is the tens digit of 10267547?
4
What is the hundreds digit of 459870?
8
What is the thousands digit of 3568023?
8
What is the tens digit of 500774?
7
What is the thousands digit of 6113041?
3
What is the tens digit of 464063?
6
What is the units digit of 259170?
0
What is the tens digit of 24283404?
0
What is the units digit of 214710?
0
What is the thousands digit of 2391595?
1
What is the hundreds digit of 11323989?
9
What is the ten thousands digit of 145215?
4
What is the ten thousands digit of 357714?
5
What is the units digit of 280780?
0
What is the ten thousands digit of 3443465?
4
What is the thousands digit of 1620828?
0
What is the hundreds digit of 89417?
4
What is the millions digit of 2555301?
2
What is the millions digit of 3785139?
3
What is the tens digit of 5719180?
8
What is the hundred thousands digit of 147941?
1
What is the units digit of 97925?
5
What is the hundreds digit of 1004482?
4
What is the millions digit of 1271498?
1
What is the units digit of 689658?
8
What is the ten thousands digit of 6233020?
3
What is the ten thousands digit of 447199?
4
What is the units digit of 137228?
8
What is the millions digit of 3191983?
3
What is the thousands digit of 3945496?
5
What is the hundred thousands digit of 561276?
5
What is the tens digit of 626970?
7
What is the thousands digit of 49653?
9
What is the hundred thousands digit of 1569687?
5
What is the hundreds digit of 195493?
4
What is the units digit of 165630?
0
What is the units digit of 14192807?
7
What is the hundreds digit of 163852?
8
What is the ten thousands digit of 323195?
2
What is the ten thousands digit of 789598?
8
What is the units digit of 2740388?
8
What is the tens digit of 1082341?
4
What is the thousands digit of 179074?
9
What is the millions digit of 2530968?
2
What is the hundred thousands digit of 14851618?
8
What is the hundred thousands digit of 20392442?
3
What is the ten millions digit of 19253783?
1
What is the tens digit of 829478?
7
What is the units digit of 1408197?
7
What is the ten thousands digit of 224047?
2
What is the millions digit of 5177021?
5
What is the tens digit of 5370306?
0
What is the hundreds digit of 768560?
5
What is the units digit of 2647598?
8
What is the thousands digit of 146101?
6
What is the thousands digit of 408027?
8
What is the units digit of 223209?
9
What is the thousands digit of 2399618?
9
What is the thousands digit of 421609?
1
What is the hundred thousands digit of 953317?
9
What is the hundred thousands digit of 962434?
9
What is the millions digit of 4881364?
4
What is the hundred thousands digit of 143600?
1
What is the hundreds digit of 56077?
0
What is the ten thousands digit of 416242?
1
What is the millions digit of 1592204?
1
What is the hundred thousands digit of 7624467?
6
What is the units digit of 151855?
5
What is the tens digit of 1442025?
2
What is the thousands digit of 436503?
6
What is the ten thousands digit of 3628749?
2
What is the millions digit of 3305612?
3
What is the ten thousands digit of 112471?
1
What is the units digit of 76273?
3
What is the thousands digit of 129288?
9
What is the tens digit of 749505?
0
What is the ten thousands digit of 49393?
4
What is the units digit of 204472?
2
What is the thousands digit of 24465303?
5
What is the millions digit of 1788527?
1
What is the ten thousands digit of 6713750?
1
What is the units digit of 567977?
7
What is the units digit of 998697?
7
What is the hundreds digit of 323312?
3
What is the units digit of 10045767?
7
What is the thousands digit of 78670?
8
What is the units digit of 244065?
5
What is the ten thousands digit of 457022?
5
What is the thousands digit of 36828?
6
What is the units digit of 840504?
4
What is the units digit of 36357?
7
What is the thousands digit of 10881068?
1
What is the hundreds digit of 21342?
3
What is the hundred thousands digit of 704161?
7
What is the ten thousands digit of 40979?
4
What is the hundreds digit of 2181091?
0
What is the hundreds digit of 222888?
8
What is the units digit of 172205?
5
What is the ten thousands digit of 582975?
8
What is the hundreds digit of 1385860?
8
What is the hundred thousands digit of 9916980?
9
What is the units digit of 13937?
7
What is the units digit of 1445975?
5
What is the hundred thousands digit of 24232498?
2
What is the tens digit of 215734?
3
What is the millions digit of 14564135?
4
What is the hundreds digit of 128253?
2
What is the units digit of 4975758?
8
What is the hundred thousands digit of 25239144?
2
What is the ten thousands digit of 3930920?
3
What is the millions digit of 20636138?
0
What is the tens digit of 3718647?
4
What is the millions digit of 1057710?
1
What is the units digit of 283639?
9
What is the hundreds digit of 135752?
7
What is the thousands digit of 382948?
2
What is the millions digit of 5628993?
5
What is the tens digit of 288173?
7
What is the units digit of 253033?
3
What is the thousands digit of 360117?
0
What is the units digit of 242600?
0
What is the ten thousands digit of 24432247?
3
What is the tens digit of 12220500?
0
What is the tens digit of 5298757?
5
What is the hundred thousands digit of 566255?
5
What is the thousands digit of 2605975?
5
What is the thousands digit of 289531?
9
What is the tens digit of 200298?
9
What is the ten thousands digit of 170541?
7
What is the ten thousands digit of 260815?
6
What is the thousands digit of 337442?
7
What is the thousands digit of 488929?
8
What is the hundreds digit of 12051238?
2
What is the ten thousands digit of 8073645?
7
What is the hundred thousands digit of 1303527?
3
What is the ten thousands digit of 133815?
3
What is the hundred thousands digit of 2863963?
8
What is the thousands digit of 525997?
5
What is the ten thousands digit of 213278?
1
What is the millions digit of 1541326?
1
What is the hundred thousands digit of 564884?
5
What is the ten thousands digit of 37549598?
4
What is the hundred thousands digit of 7235933?
2
What is the units digit of 1214476?
6
What is the millions digit of 2061424?
2
What is the tens digit of 4494521?
2
What is the ten thousands digit of 8147387?
4
What is the thousands digit of 862322?
2
What is the tens digit of 165654?
5
What is the tens digit of 85386?
8
What is the ten thousands digit of 3641672?
4
What is the hundreds digit of 648967?
9
What is the units digit of 5688431?
1
What is the ten thousands digit of 1034739?
3
What is the tens digit of 264296?
9
What is the hundreds digit of 273323?
3
What is the ten thousands digit of 163204?
6
What is the thousands digit of 216363?
6
What is the units digit of 141098?
8
What is the hundreds digit of 106730?
7
What is the hundreds digit of 946520?
5
What is the thousands digit of 2141131?
1
What is the ten thousands digit of 5207000?
0
What is the ten thousands digit of 434616?
3
What is the ten millions digit of 23846288?
2
What is the hundreds digit of 223096?
0
What is the ten thousands digit of 463155?
6
What is the units digit of 2935449?
9
What is the units digit of 851340?
0
What is the units digit of 522307?
7
What is the thousands digit of 2619260?
9
What is the thousands digit of 10013305?
3
What is the millions digit of 3592084?
3
What is the hundred thousands digit of 19023519?
0
What is the hundred thousands digit of 123836?
1
What is the tens digit of 3824528?
2
What is the hundred thousands digit of 848846?
8
What is the hundre